{"id":74,"date":"2020-10-01T08:23:15","date_gmt":"2020-10-01T08:23:15","guid":{"rendered":"http:\/\/www.rosenlewinhopeakerho.fi\/?page_id=74"},"modified":"2026-01-05T11:45:42","modified_gmt":"2026-01-05T11:45:42","slug":"yhteystiedot","status":"publish","type":"page","link":"https:\/\/www.rosenlewinhopeakerho.fi\/?page_id=74","title":{"rendered":"Yhteystiedot"},"content":{"rendered":"\t\t<div data-elementor-type=\"wp-page\" data-elementor-id=\"74\" class=\"elementor elementor-74\">\n\t\t\t\t\t\t<section class=\"elementor-section elementor-top-section elementor-element elementor-element-740e1f1 elementor-section-boxed elementor-section-height-default elementor-section-height-default\" data-id=\"740e1f1\" data-element_type=\"section\">\n\t\t\t\t\t\t<div class=\"elementor-container elementor-column-gap-default\">\n\t\t\t\t\t<div class=\"elementor-column elementor-col-100 elementor-top-column elementor-element elementor-element-1e013af\" data-id=\"1e013af\" data-element_type=\"column\">\n\t\t\t<div class=\"elementor-widget-wrap elementor-element-populated\">\n\t\t\t\t\t\t<div class=\"elementor-element elementor-element-1e4f418 elementor-widget elementor-widget-text-editor\" data-id=\"1e4f418\" data-element_type=\"widget\" data-widget_type=\"text-editor.default\">\n\t\t\t\t<div class=\"elementor-widget-container\">\n\t\t\t\t\t\t\t<h1>Yhteystiedot<\/h1>\t\t\t\t\t\t<\/div>\n\t\t\t\t<\/div>\n\t\t\t\t\t<\/div>\n\t\t<\/div>\n\t\t\t\t\t<\/div>\n\t\t<\/section>\n\t\t\t\t<section class=\"elementor-section elementor-top-section elementor-element elementor-element-b26a306 elementor-section-boxed elementor-section-height-default elementor-section-height-default\" data-id=\"b26a306\" data-element_type=\"section\">\n\t\t\t\t\t\t<div class=\"elementor-container elementor-column-gap-default\">\n\t\t\t\t\t<div class=\"elementor-column elementor-col-100 elementor-top-column elementor-element elementor-element-22325d4\" data-id=\"22325d4\" data-element_type=\"column\">\n\t\t\t<div class=\"elementor-widget-wrap elementor-element-populated\">\n\t\t\t\t\t\t<div class=\"elementor-element elementor-element-24b4755 elementor-widget elementor-widget-text-editor\" data-id=\"24b4755\" data-element_type=\"widget\" data-widget_type=\"text-editor.default\">\n\t\t\t\t<div class=\"elementor-widget-container\">\n\t\t\t\t\t\t\t<p>S\u00e4hk\u00f6postia\u00a0l\u00e4hetett\u00e4ess\u00e4 (at)-merkint\u00e4 korvataan @-<wbr \/>merkill\u00e4.<\/p>\t\t\t\t\t\t<\/div>\n\t\t\t\t<\/div>\n\t\t\t\t\t<\/div>\n\t\t<\/div>\n\t\t\t\t\t<\/div>\n\t\t<\/section>\n\t\t\t\t<section class=\"elementor-section elementor-top-section elementor-element elementor-element-cd05804 elementor-section-boxed elementor-section-height-default elementor-section-height-default\" data-id=\"cd05804\" data-element_type=\"section\">\n\t\t\t\t\t\t<div class=\"elementor-container elementor-column-gap-default\">\n\t\t\t\t\t<div class=\"elementor-column elementor-col-100 elementor-top-column elementor-element elementor-element-c061b1e\" data-id=\"c061b1e\" data-element_type=\"column\">\n\t\t\t<div class=\"elementor-widget-wrap elementor-element-populated\">\n\t\t\t\t\t\t<div class=\"elementor-element elementor-element-1e70965 elementor-widget elementor-widget-text-editor\" data-id=\"1e70965\" data-element_type=\"widget\" data-widget_type=\"text-editor.default\">\n\t\t\t\t<div class=\"elementor-widget-container\">\n\t\t\t\t\t\t\t<h2>ROSENLEWIN HOPEAKERHO RY:n<\/h2><h3>HALLITUS\u00a0 v. 2026\u00a0 \u00a0 \u00a0 \u00a0 \u00a0 \u00a0 \u00a0 \u00a0 \u00a0 \u00a0 \u00a0 \u00a0 \u00a0 \u00a0 \u00a0 \u00a0 \u00a0 \u00a0 \u00a0 \u00a0 \u00a0 \u00a0 \u00a0 \u00a0 \u00a0 \u00a0 \u00a0JAOSTOJEN JA RYHMIEN VET\u00c4J\u00c4T v. 2026<\/h3>\t\t\t\t\t\t<\/div>\n\t\t\t\t<\/div>\n\t\t\t\t\t<\/div>\n\t\t<\/div>\n\t\t\t\t\t<\/div>\n\t\t<\/section>\n\t\t\t\t<section class=\"elementor-section elementor-top-section elementor-element elementor-element-c192c0a elementor-section-boxed elementor-section-height-default elementor-section-height-default\" data-id=\"c192c0a\" data-element_type=\"section\">\n\t\t\t\t\t\t<div class=\"elementor-container elementor-column-gap-default\">\n\t\t\t\t\t<div class=\"elementor-column elementor-col-50 elementor-top-column elementor-element elementor-element-309655d\" data-id=\"309655d\" data-element_type=\"column\">\n\t\t\t<div class=\"elementor-widget-wrap elementor-element-populated\">\n\t\t\t\t\t\t<div class=\"elementor-element elementor-element-419dd6c elementor-widget elementor-widget-text-editor\" data-id=\"419dd6c\" data-element_type=\"widget\" data-widget_type=\"text-editor.default\">\n\t\t\t\t<div class=\"elementor-widget-container\">\n\t\t\t\t\t\t\t<p>S\u00e4hk\u00f6postia\u00a0l\u00e4hetett\u00e4ess\u00e4 (at)-merkint\u00e4 korvataan @-<wbr \/>merkill\u00e4.<\/p>\t\t\t\t\t\t<\/div>\n\t\t\t\t<\/div>\n\t\t\t\t<section class=\"elementor-section elementor-inner-section elementor-element elementor-element-dc463d0 elementor-section-boxed elementor-section-height-default elementor-section-height-default\" data-id=\"dc463d0\" data-element_type=\"section\">\n\t\t\t\t\t\t<div class=\"elementor-container elementor-column-gap-default\">\n\t\t\t\t\t<div class=\"elementor-column elementor-col-50 elementor-inner-column elementor-element elementor-element-6fb1dba\" data-id=\"6fb1dba\" data-element_type=\"column\">\n\t\t\t<div class=\"elementor-widget-wrap\">\n\t\t\t\t\t\t\t<\/div>\n\t\t<\/div>\n\t\t\t\t<div class=\"elementor-column elementor-col-50 elementor-inner-column elementor-element elementor-element-6ad9347\" data-id=\"6ad9347\" data-element_type=\"column\">\n\t\t\t<div class=\"elementor-widget-wrap\">\n\t\t\t\t\t\t\t<\/div>\n\t\t<\/div>\n\t\t\t\t\t<\/div>\n\t\t<\/section>\n\t\t\t\t<div class=\"elementor-element elementor-element-97fbc4c elementor-widget__width-initial elementor-widget elementor-widget-shortcode\" data-id=\"97fbc4c\" data-element_type=\"widget\" data-widget_type=\"shortcode.default\">\n\t\t\t\t<div class=\"elementor-widget-container\">\n\t\t\t\t\t<div class=\"elementor-shortcode\">\n<table id=\"tablepress-4\" class=\"tablepress tablepress-id-4\">\n<tbody>\n<tr class=\"row-1\">\n\t<td class=\"column-1\">Puheenjohtaja<br \/>\nVuokko Hyt\u00f6nen<br \/>\n050 373 4714<br \/>\nvuokko.hytonen(at)hotmail.fi<\/td><td class=\"column-2\">Varapuheenjohtaja<br \/>\nPekka J\u00e4rvenp\u00e4\u00e4<br \/>\n040 557 3404<br \/>\nptjarvenpaa(at)hotmail.com<\/td>\n<\/tr>\n<tr class=\"row-2\">\n\t<td class=\"column-1\">Sihteeri<br \/>\nPirjo Pihlajam\u00e4ki<br \/>\n050 537 3533<br \/>\npirjo.pihlajamaki(at)dnainternet.net<\/td><td class=\"column-2\">Rahastonhoitaja<br \/>\nMarja Rosenberg<br \/>\n040 501 3239<br \/>\nrosenbergmarja(at)gmail.com<\/td>\n<\/tr>\n<tr class=\"row-3\">\n\t<td class=\"column-1\">J\u00e4senasiat<br \/>\nSirpa Mannila<br \/>\n044 712 7630<br \/>\njasenasiat(at)rosenlewinhopeakerho.fi<br \/>\nsirpak.mannila(at)gmail.com<\/td><td class=\"column-2\">J\u00e4sen<br \/>\nSeppo Vahti<br \/>\n040 510 9277<br \/>\nvahtiseppo(at)gmail.com<\/td>\n<\/tr>\n<tr class=\"row-4\">\n\t<td class=\"column-1\">J\u00e4sen<br \/>\nP\u00e4ivi Aaltonen<br \/>\n0500 470656<br \/>\npaivi.aaltonen(at)ppa.inet.fi<\/td><td class=\"column-2\">J\u00e4sen<br \/>\nMarjatta Anttila<br \/>\n0500 796 071<br \/>\nmarjatta.anttila(at)wippies.fi<\/td>\n<\/tr>\n<tr class=\"row-5\">\n\t<td class=\"column-1\">J\u00e4sen<br \/>\nHannu Marjaniemi<br \/>\n040 583 8435<br \/>\nmarjaniemi.hannu(at)lotky.com<\/td><td class=\"column-2\">J\u00e4sen <br \/>\nMarja Flinck<br \/>\n040 0227 999<br \/>\n<br \/>\nmarja.flinck(at)gmail.com<\/td>\n<\/tr>\n<tr class=\"row-6\">\n\t<td class=\"column-1\"><\/td><td class=\"column-2\"><\/td>\n<\/tr>\n<tr class=\"row-7\">\n\t<td class=\"column-1\"><\/td><td class=\"column-2\"><\/td>\n<\/tr>\n<\/tbody>\n<\/table>\n[id=4\/]\n<\/div>\n\t\t\t\t<\/div>\n\t\t\t\t<\/div>\n\t\t\t\t\t<\/div>\n\t\t<\/div>\n\t\t\t\t<div class=\"elementor-column elementor-col-50 elementor-top-column elementor-element elementor-element-31050b9\" data-id=\"31050b9\" data-element_type=\"column\">\n\t\t\t<div class=\"elementor-widget-wrap elementor-element-populated\">\n\t\t\t\t\t\t<div class=\"elementor-element elementor-element-4fd1fb4 elementor-widget elementor-widget-shortcode\" data-id=\"4fd1fb4\" data-element_type=\"widget\" data-widget_type=\"shortcode.default\">\n\t\t\t\t<div class=\"elementor-widget-container\">\n\t\t\t\t\t<div class=\"elementor-shortcode\">\n<table id=\"tablepress-3\" class=\"tablepress tablepress-id-3\">\n<tbody>\n<tr class=\"row-1\">\n\t<td class=\"column-1\">Keitti\u00f6jaosto<br \/>\nP\u00e4ivi Aaltonen<br \/>\n0500 470 656<\/td><td class=\"column-2\">Varalla<br \/>\nMilja Kivini<br \/>\n040 5441 309<\/td>\n<\/tr>\n<tr class=\"row-2\">\n\t<td class=\"column-1\">K\u00e4sity\u00f6jaosto<br \/>\nMarja Rosenberg<br \/>\n040 501 3239<\/td><td class=\"column-2\">Varalla<br \/>\nTarja Suominen<br \/>\n0500 759 138<\/td>\n<\/tr>\n<tr class=\"row-3\">\n\t<td class=\"column-1\">Ohjelmajaosto<br \/>\nPauli Pihlajam\u00e4ki<br \/>\n050 536 5394<\/td><td class=\"column-2\">Varalla<br \/>\nMarja Salonen<br \/>\n040 705 0367<\/td>\n<\/tr>\n<tr class=\"row-4\">\n\t<td class=\"column-1\">Retkeily- ja kulttuurijaosto<br \/>\nVuokko Hyt\u00f6nen<br \/>\n050 373 4714<\/td><td class=\"column-2\">Retkeily- ja kulttuurijaosto<br \/>\nMarja Rosenberg<br \/>\n040 501 3239<\/td>\n<\/tr>\n<tr class=\"row-5\">\n\t<td class=\"column-1\">Valokuvaus<br \/>\nPauli Pihlajam\u00e4ki<br \/>\n050 536 5394<\/td><td class=\"column-2\">Kerhojuontaja<br \/>\r\nMarja Salonen<br \/>\r\n040 705 0367<\/td>\n<\/tr>\n<tr class=\"row-6\">\n\t<td class=\"column-1\">Laulukuoro Hopeiset<br \/>\nKauko Kivel\u00e4<br \/>\n050 646 46<\/td><td class=\"column-2\">Varalla <br \/>\nHannu M\u00e4kel\u00e4<br \/>\n050 561 6091<br \/>\n<br \/>\nSihteeri<br \/>\nSirpa Mannila<br \/>\n044 7127630<br \/>\n<\/td>\n<\/tr>\n<tr class=\"row-7\">\n\t<td class=\"column-1\">Senioritanssijat<br \/>\nTuija Nieminen<br \/>\n040 753 0796<\/td><td class=\"column-2\">Varalla<br \/>\nHelena Lehist\u00f6<br \/>\n040 561 4493<\/td>\n<\/tr>\n<tr class=\"row-8\">\n\t<td class=\"column-1\">Kerhomestari<br \/>\nArto Kemppinen<br \/>\n0050 5954 213<\/td><td class=\"column-2\">Kerhomestari <br \/>\nPekka J\u00e4rvenp\u00e4\u00e4<br \/>\n040 557 3404<\/td>\n<\/tr>\n<tr class=\"row-9\">\n\t<td class=\"column-1\">S\u00e4est\u00e4j\u00e4<br \/>\nVeli Lappalainen\t<br \/>\n040 0739368<\/td><td class=\"column-2\">S\u00e4est\u00e4j\u00e4<br \/>\nReijo Hiulum\u00e4ki \t<br \/>\n044 0405501<br \/>\n<br \/>\nRummut<br \/>\nJarmo Laiho<br \/>\np. 044 5121381<\/td>\n<\/tr>\n<tr class=\"row-10\">\n\t<td class=\"column-1\">Voimistelu, jumppa<br \/>\nMarja Salonen<br \/>\n040 705 0367<br \/>\n<\/td><td class=\"column-2\"><\/td>\n<\/tr>\n<\/tbody>\n<\/table>\n<\/div>\n\t\t\t\t<\/div>\n\t\t\t\t<\/div>\n\t\t\t\t\t<\/div>\n\t\t<\/div>\n\t\t\t\t\t<\/div>\n\t\t<\/section>\n\t\t\t\t<section class=\"elementor-section elementor-top-section elementor-element elementor-element-26fa594 elementor-section-boxed elementor-section-height-default elementor-section-height-default\" data-id=\"26fa594\" data-element_type=\"section\">\n\t\t\t\t\t\t<div class=\"elementor-container elementor-column-gap-default\">\n\t\t\t\t\t<div class=\"elementor-column elementor-col-100 elementor-top-column elementor-element elementor-element-047a6cf\" data-id=\"047a6cf\" data-element_type=\"column\">\n\t\t\t<div class=\"elementor-widget-wrap elementor-element-populated\">\n\t\t\t\t\t\t\t<\/div>\n\t\t<\/div>\n\t\t\t\t\t<\/div>\n\t\t<\/section>\n\t\t\t\t<section class=\"elementor-section elementor-top-section elementor-element elementor-element-a5cc3a5 elementor-section-boxed elementor-section-height-default elementor-section-height-default\" data-id=\"a5cc3a5\" data-element_type=\"section\">\n\t\t\t\t\t\t<div class=\"elementor-container elementor-column-gap-default\">\n\t\t\t\t\t<div class=\"elementor-column elementor-col-100 elementor-top-column elementor-element elementor-element-61dc9ff\" data-id=\"61dc9ff\" data-element_type=\"column\">\n\t\t\t<div class=\"elementor-widget-wrap elementor-element-populated\">\n\t\t\t\t\t\t\t<\/div>\n\t\t<\/div>\n\t\t\t\t\t<\/div>\n\t\t<\/section>\n\t\t\t\t<section class=\"elementor-section elementor-top-section elementor-element elementor-element-aa26900 elementor-section-boxed elementor-section-height-default elementor-section-height-default\" data-id=\"aa26900\" data-element_type=\"section\">\n\t\t\t\t\t\t<div class=\"elementor-container elementor-column-gap-default\">\n\t\t\t\t\t<div class=\"elementor-column elementor-col-100 elementor-top-column elementor-element elementor-element-5edca26\" data-id=\"5edca26\" data-element_type=\"column\">\n\t\t\t<div class=\"elementor-widget-wrap elementor-element-populated\">\n\t\t\t\t\t\t\t<\/div>\n\t\t<\/div>\n\t\t\t\t\t<\/div>\n\t\t<\/section>\n\t\t\t\t<\/div>\n\t\t","protected":false},"excerpt":{"rendered":"<p>Yhteystiedot S\u00e4hk\u00f6postia\u00a0l\u00e4hetett\u00e4ess\u00e4 (at)-merkint\u00e4 korvataan @-merkill\u00e4. ROSENLEWIN HOPEAKERHO RY:n HALLITUS\u00a0 v. 2026\u00a0 \u00a0 \u00a0 \u00a0 \u00a0 \u00a0 \u00a0 \u00a0 \u00a0 \u00a0 \u00a0 \u00a0 \u00a0 \u00a0 \u00a0 \u00a0 \u00a0 \u00a0 \u00a0 \u00a0 \u00a0 \u00a0 \u00a0 \u00a0 \u00a0 \u00a0 \u00a0JAOSTOJEN JA RYHMIEN VET\u00c4J\u00c4T v. 2026 S\u00e4hk\u00f6postia\u00a0l\u00e4hetett\u00e4ess\u00e4 (at)-merkint\u00e4 korvataan @-merkill\u00e4. [id=4\/]<\/p>\n","protected":false},"author":1,"featured_media":0,"parent":0,"menu_order":0,"comment_status":"closed","ping_status":"closed","template":"","meta":{"footnotes":""},"_links":{"self":[{"href":"https:\/\/www.rosenlewinhopeakerho.fi\/index.php?rest_route=\/wp\/v2\/pages\/74"}],"collection":[{"href":"https:\/\/www.rosenlewinhopeakerho.fi\/index.php?rest_route=\/wp\/v2\/pages"}],"about":[{"href":"https:\/\/www.rosenlewinhopeakerho.fi\/index.php?rest_route=\/wp\/v2\/types\/page"}],"author":[{"embeddable":true,"href":"https:\/\/www.rosenlewinhopeakerho.fi\/index.php?rest_route=\/wp\/v2\/users\/1"}],"replies":[{"embeddable":true,"href":"https:\/\/www.rosenlewinhopeakerho.fi\/index.php?rest_route=%2Fwp%2Fv2%2Fcomments&post=74"}],"version-history":[{"count":62,"href":"https:\/\/www.rosenlewinhopeakerho.fi\/index.php?rest_route=\/wp\/v2\/pages\/74\/revisions"}],"predecessor-version":[{"id":2140,"href":"https:\/\/www.rosenlewinhopeakerho.fi\/index.php?rest_route=\/wp\/v2\/pages\/74\/revisions\/2140"}],"wp:attachment":[{"href":"https:\/\/www.rosenlewinhopeakerho.fi\/index.php?rest_route=%2Fwp%2Fv2%2Fmedia&parent=74"}],"curies":[{"name":"wp","href":"https:\/\/api.w.org\/{rel}","templated":true}]}}